t is r(-53)?
8
Let j(f) = -f**3 + 3*f**2 + 10*f - 5. Give j(5).
-5
Let l(d) = -4*d + 1. Calculate l(5).
-19
Let u(v) = 7*v - 102. Give u(14).
-4
Let z(q) = q**3 - 6*q**2 - 12*q + 11. Calculate z(8).
43
Let q(t) = -t**2 - 32*t - 240. Calculate q(-19).
7
Let m(d) = d**3 + 7*d**2 - 12*d + 1. What is m(-5)?
111
Let x(l) = -l**2 + 9*l - 1. Determine x(7).
13
Let b(r) = 18*r**2 + 8*r + 13. Determine b(-3).
151
Let j(f) = -2*f**2 - 23*f - 16. Calculate j(-11).
-5
Let p(t) = -11*t**2 - 2*t + 2. Determine p(-2).
-38
Let v(d) = -17*d - 31. Determine v(-5).
54
Let m(w) = -2*w**2 - 16*w + 59. Give m(-11).
-7
Let w(u) = -3*u - 182. Give w(-48).
-38
Let j(z) = -z**2 + 15*z - 6. What is j(14)?
8
Let y(i) = -3*i**2 - 19*i + 3. Determine y(-8).
-37
Let g(b) = b**3 - 15*b**2 + 10*b + 10. Calculate g(14).
-46
Let a(h) = -h**3 - 39*h**2 + 39*h - 40. What is a(-40)?
0
Let w(m) = m**2 - 8*m - 9. Calculate w(7).
-16
Let n(l) = l**3 + 19*l**2 - 18*l + 45. Determine n(-20).
5
Let y(v) = -v**3 + 4*v**2 + 11*v - 10. Give y(6).
-16
Let s(n) = n**2 + 32*n + 37. Give s(-31).
6
Let z(d) = 14*d. Determine z(-5).
-70
Let o(f) = 2*f - 9. Calculate o(2).
-5
Let i(u) = -u**2 + 37*u - 58. Determine i(33).
74
Let r(d) = 5*d - 53. Give r(5).
-28
Let t(c) = -4*c + 17. What is t(8)?
-15
Let r(k) = k - 6. Give r(-5).
-11
Let c(r) = -3*r**2 + 175*r - 44. Determine c(58).
14
Let u(h) = -2*h - 14. What is u(-6)?
-2
Let j(w) = 2*w**2 - 5*w + 11. Give j(6).
53
Let y(u) = 10*u - 1. Calculate y(5).
49
Let g(r) = -14*r - 1. Calculate g(1).
-15
Let w(n) = -3*n**2 - 4. Give w(-4).
-52
Let r(i) = i**2 - 11*i - 6. Calculate r(12).
6
Let n(k) = 53*k - 8. What is n(3)?
151
Let v(d) = -d**3 - 40*d**2 - 39*d - 7. Give v(-39).
-7
Let z(l) = -5*l + 37. Determine z(4).
17
Let p(f) = -3*f + 3. Give p(-10).
33
Let q(y) = -y**2 - 15*y + 16. Calculate q(0).
16
Let g(c) = -16*c**2 - 2*c + 1. Determine g(1).
-17
Let i(l) = 15*l + 64. Give i(-4).
4
Let l(s) = 8*s**2 + 5*s - 1. Give l(-3).
56
Let x(d) = d**3 + 10*d**2 + 17*d - 16. Calculate x(-5).
24
Let x(l) = 3*l**2 - 7*l - 1. Determine x(3).
5
Let k(z) = z**2 + 2*z + 1. Determine k(3).
16
Let w(v) = -v**3 - 4*v + 2. Give w(3).
-37
Let r(u) = -4*u**3 + 2*u**2 - 1. Determine r(1).
-3
Let f(l) = -l**3 - 15*l**2 - 14*l - 10. Calculate f(-14).
-10
Let g(u) = 2*u - 16. Determine g(10).
4
Let s(n) = n**3 - 15*n**2 + 17*n - 257. Calculate s(15).
-2
Let o(d) = 2*d + 22. What is o(-6)?
10
Let k(b) = -b**2 - 5. What is k(-2)?
-9
Let u(s) = 8*s + 205. What is u(-25)?
5
Let r(v) = -v**3 + 23*v**2 - 21*v - 18. Calculate r(22).
4
Let u(j) = -j**3 - 3*j**2 - 1. Give u(-4).
15
Let z(m) = -2*m - 12. What is z(-7)?
2
Let o(a) = -4*a**2 - 14*a - 9. Give o(-6).
-69
Let k(n) = 2*n**2 + 45*n - 16. Calculate k(-23).
7
Let q(z) = -6*z + 14. Determine q(4).
-10
Let b(a) = -a**2 + 8*a - 7. Calculate b(8).
-7
Let w(y) = -3*y - 1. Determine w(-3).
8
Let h(s) = -29*s**2 + 2*s - 4. Determine h(0).
-4
Let a(l) = 3*l**2 - 4*l - 3. What is a(5)?
52
Let h(l) = 2*l**3 - 4*l**2 + 2*l - 6. Calculate h(3).
18
Let m(b) = -74*b - 147. Determine m(-2).
1
Let m(l) = 2*l**2 + 5*l - 59. What is m(5)?
16
Let b(x) = x**3 + 6*x**2 + 12*x + 14. What is b(-4)?
-2
Let y(w) = -w + 5. Give y(-4).
9
Let m(z) = -z**3 + 41*z**2 - 9*z + 364. What is m(41)?
-5
Let v(x) = x**3 - 13*x**2 - 13*x - 10. What is v(14)?
4
Let u(f) = f**2 - 12*f + 11. What is u(10)?
-9
Let p(i) = 27*i - 2. Give p(2).
52
Let k(q) = 14*q - 6. Calculate k(1).
8
Let o(r) = -24*r + 14. What is o(3)?
-58
Let t(q) = q**2 - 5. Calculate t(-4).
11
Let m(k) = k**2 - 18*k - 7. What is m(18)?
-7
Let j(g) = -g**2 + 13*g + 10. Determine j(14).
-4
Let i(x) = x**3 - 3*x - 10. Calculate i(3).
8
Let k(q) = q**2 - 13*q + 53. Give k(14).
67
Let c(t) = 8*t**3 - t**2 + t + 2. Determine c(-1).
-8
Let y(p) = 3*p + 72. Give y(-25).
-3
Let h(j) = -19*j + 4. Give h(2).
-34
Let a(u) = -11*u**3 - 3*u**2 - u + 1. Give a(-1).
10
Let m(y) = -6*y**2 + 4*y - 3. What is m(3)?
-45
Let s(h) = h**2 + 6*h + 4. Calculate s(-6).
4
Let h(a) = -4*a - 6. Determine h(-5).
14
Let s(h) = -h**3 - h - 2. Determine s(-3).
28
Let y(k) = -k**2 + 10*k - 6. Calculate y(10).
-6
Let q(r) = -r**2 - 48*r - 89. Give q(-46).
3
Let y(t) = -40*t + 37. Determine y(4).
-123
Let c(p) = -p**2 + 15*p - 44. Determine c(11).
0
Let u(q) = q**3 + 6*q**2 - 7*q + 6. What is u(-7)?
6
Let l(w) = 22*w**2 + w. Calculate l(-1).
21
Let c(j) = j**3 - 17*j**2 + 14*j + 7. Give c(16).
-25
Let c(o) = -o**2 - 4*o + 125. Calculate c(-13).
8
Let h(j) = -7*j - 4. Determine h(-2).
10
Let q(u) = -11*u - 9. What is q(-6)?
57
Let q(z) = -8*z + 17. Determine q(7).
-39
Let c(k) = -k**3 - 6*k**2 + 18*k + 77. Calculate c(-7).
0
Let n(f) = -f**3 + 21*f**2 + 97*f + 86. Determine n(25).
11
Let l(m) = -m - 13. Determine l(-4).
-9
Let j(r) = r**3 - 9*r**2 - 9*r. Calculate j(10).
10
Let f(z) = z**3 - 8*z**2 - 22*z - 4. Determine f(10).
-24
Let d(m) = -3*m**3 + m**2 + 2*m. Give d(2).
-16
Let i(d) = -13*d - 2. Determine i(-1).
11
Let f(w) = w**3 - w**2 + 2. Determine f(3).
20
Let q(n) = -16*n**3 + 2*n - 1. Determine q(1).
-15
Let y(s) = s**3 + 7*s**2 - 11*s + 4. Calculate y(-8).
28
Let j(h) = -28*h**3 + h**2. Determine j(1).
-27
Let i(h) = h**2 - 12*h + 4. Give i(9).
-23
Let s(c) = 2*c**2 - 13*c + 11. Give s(8).
35
Let m(d) = d**3 + 9*d**2 + 10*d + 22. What is m(-9)?
-68
Let r(o) = -o**2 + o + 3. Calculate r(6).
-27
Let h(l) = 6*l**3 + l. Calculate h(-1).
-7
Let a(w) = -w**2 + 14*w + 1. What is a(12)?
25
Let v(u) = 32*u - 27. Give v(1).
5
Let i(j) = -28*j**3. What is i(-1)?
28
Let w(u) = -10*u + 178. What is w(19)?
-12
Let x(b) = b**3 + 10*b**2 + 24*b + 14. Give x(-7).
-7
Let w(y) = -7*y**3 + y**2 - 2*y - 5. What is w(2)?
-61
Let x(q) = q**2 + 18*q + 10. Determine x(-11).
-67
Let k(a) = 2*a**2 + 4*a + 5. What is k(-3)?
11
Let a(v) = 45*v + 686. Determine a(-15).
11
Let k(j) = 5*j + 17. Calculate k(-8).
-23
Let t(m) = m**3 + 4*m**2 - m + 9. Calculate t(-4).
13
Let c(y) = -y**2 + 5*y - 6. Determine c(9).
-42
Let c(y) = -y**2 + 8*y - 21. Determine c(4).
-5
Let a(c) = 3*c + 1. Determine a(5).
16
Let s(k) = 3*k**3 + 24*k**2 - 3*k - 19. What is s(-8)?
5
Let k(j) = -5*j + 26. Calculate k(4).
6
Let d(i) = -2*i + 53. Give d(28).
-3
Let a(l) = l**2 + 5*l + 11. Calculate a(-6).
17
Let f(i) = -2*i**2 + 4*i - 7. Calculate f(6).
-55
Let y(u) = -u**2 + 13*u - 4. Determine y(9).
32
Let a(l) = -2*l**2 - 3*l - 2. Determine a(-2).
-4
Let h(x) = -x**3 - 4*x**2 + 10*x - 18. What is h(-6)?
-6
Let c(f) = -2*f**2 - 17*f + 35. What is c(2)?
-7
Let n(d) = -3*d**2 + 73*d - 26. Give n(24).
-2
Let d(m) = -61*m + 9. What is d(2)?
-113
Let j(t) = -t**3 + 2*t**2 + t. What is j(3)?
-6
Let h(z) = 6*z - 96. What is h(17)?
6
Let j(t) = -t**2 - 2*t + 17. Calculate j(7).
-46
Let v(i) = 10*i + 180. What is v(-17)?
10
Let x(l) = 13*l - 2. Determine x(0).
-2
Let s(z) = z**2 + 3*z - 9. Determine s(7).
61
Let l(j) = -3*j - 26. Give l(-8).
-2
Let b(c) = 8*c - 101. What is b(22)?
75
Let u(o) = -16*o - 2. What is u(2)?
-34
Let o(x) = 2*x + 8. Give o(-11).
-14
Let r(p) = p**3 - 5*p**2 - 23*p - 2. Determine r(8).
6
Let i(y) = 3*y - 22. What is i(5)?
-7
Let i(a) = a**3 + 8*a**2 - 9*a + 8. Determine i(-9).
8
Let y(h) = -h**3 - 22*h**2 - h - 21. Calculate y(-22).
1
Let p(f) = -f**3 + 6*f**2 + 5*f + 20. Give p(7).
6
Let p(s) = s**3 - 6*s**2 - 11*s - 14. Calculate p(8).
26
Let k(j) = j**3 + 9*j**2 + 27*j + 155. Determine k(-8).
3
Let p(m) = -m**2 - 5*m - 1. Determine p(-5).
-1
Let p(n) = 89*n - 362. What is p(4)?
-6
Let h(u) = -9*u + 24. Calculate h(2).
6
Let k(c) = c**2 - 5*c + 7. Determine k(4).
3
Let j(m) = 2*m**2 + 25*m - 2. Give j(-13).
11
Let o(d) = 2*d**2 + 7*d - 8. What is o(-5)?
7
Let c(b) = -6*b**2 + 4*b - 8. Calculate c(4).
-88
Let z(a) = a**3 + 7*a**2 + 3*a + 4. Give z(-6).
22
Let q(c) = -5*c - 90. Calculate q(-19).
5
Let k(b) = b**3 + 4*b**2 - 9*b - 2. Give k(0).
-2
Let y(o) = o**3 - 6*o**2 + 6*o + 3. Calculate y(5).
8
Let z(r) = 2*r**3 - r**2 + r - 3. What is z(-3)?
-69
Let m(x) = x**2 + 10*x + 7. Give m(-7).
-14
Let v(n) = -6*n**2 - 3*n + 2. Determine v(-4).
-82
Let s(n) = 8*n - 3. What is s(3)?
21
Let r(y) = -y**3 + 6*y**2 + y + 4. Give r(7).
-38
Let g(r) = r**3 - 8*r**2 - 7*r + 2. Determine g(9).
20
Let o(g) = -g**3 - 4*g**2 + 21*g + 6. Calculate o(3).
6
Let n(a) = -5*a +